 u?
10
Let n be (1/(-3))/(3/9). What is the remainder when 110 is divided by -1*38*n + -1?
36
Let k = 182 + -146. What is the remainder when k is divided by 3?
0
Suppose -19*h = -20*h. Suppose -3*z - 4*i - i + 21 = 0, 20 = 4*z + 4*i. Suppose h = -z*k - 3*k + 30. What is the remainder when k is divided by 4?
2
Let t(i) = -i**3 - 12*i**2 - 2*i - 9. Let a be t(-12). Suppose 9*j - 3*j - 30 = 0. Suppose 0 = j*l - a. Calculate the remainder when 3 is divided by l.
0
Let x = -25 + 35. Let u(z) = -3*z + 34. Let h be u(0). Suppose -g - h = -4*j, x*g = -3*j + 5*g + 14. What is the remainder when 29 is divided by j?
5
Let c(f) = 24*f - 18. Let s be c(8). Suppose -o = -3*o + s. Let x = -61 + o. Calculate the remainder when x is divided by 14.
12
Suppose -3*s - 1 = -3*z + 5, 5*s = -5*z + 10. Calculate the remainder when 93 is divided by (s + -3)/(26/(-8) - -3).
9
Suppose 2*a - 26 = -0*a. What is the remainder when (-114)/(-1026) - (3 + (-564)/27 + -1) is divided by a?
6
Calculate the remainder when 265 is divided by (95/30)/((-4)/(-24)).
18
Let m(b) = b**3 + 3*b**2 - b + 7. Let l be m(-3). Suppose 0 = o - l + 1. What is the remainder when o is divided by 6?
3
Suppose -3*c - 835 + 2467 = 0. What is the remainder when c is divided by 21?
19
Let z = 290 + -171. Calculate the remainder when z is divided by 12.
11
Suppose 0*y = -4*y + 28. Let f = 143 + -87. Suppose -24 = q - f. Calculate the remainder when q is divided by y.
4
Suppose 3*n - 2*n + 4 = -2*o, -3*o + 3*n - 24 = 0. Let y = o + -4. Let l(q) = -q**2 - 9*q - 5. Calculate the remainder when l(y) is divided by 1.
0
Let x = 92 - 83. Suppose x*d = 35 + 1. Calculate the remainder when 12 is divided by d.
0
Suppose 0 = -5*a + 1 + 39. What is the remainder when -2*(-404)/a - 2 is divided by 25?
24
Suppose -1198 - 62 = -18*f. Calculate the remainder when f is divided by 9.
7
Let n be (-16 - -31)/((-2)/3 - -1). Let b = n + -26. What is the remainder when 37 is divided by b?
18
Suppose r + 11 + 22 = d, 2*r + 2*d = -50. Let g = r - -36. Calculate the remainder when 27 is divided by g.
6
Let h be 7/(-2) + 30/(-20). Let o = h - -8. Suppose -2*s + 15 = s - o*w, w = -5*s + 37. What is the remainder when 27 is divided by s?
6
Suppose 0 = -3*z - k + 8, 4*z - 2*k + 1 = 5. Suppose -5*q = -5*o - 19 - 41, -z*q = 5*o + 4. Let d = 50 + -35. What is the remainder when d is divided by q?
7
Suppose -5*m - 5*p + 230 = 0, -66*m - 5*p = -62*m - 182. What is the remainder when m is divided by 27?
21
Suppose 0 = -34*n + 57 + 283. Calculate the remainder when 75 is divided by n.
5
Suppose -5 = -z - 14. Let o(t) = 1313*t - 3929. What is the remainder when z/((1/3)/(-1)) is divided by o(3)?
7
Suppose -j + 17 = -0*j. Suppose 8 = f - 1. Suppose 6*a = f + 21. Calculate the remainder when j is divided by a.
2
Suppose 12*i - 147 = 5*i. Let y = -11 + i. What is the remainder when 68 is divided by y?
8
Let h be 5/(-2)*(-56)/35. Suppose h*i + s - 113 = 0, 5*i + 4*s - 22 = 133. Calculate the remainder when i is divided by 4.
3
Suppose 2*i - 6*i = -2*k - 70, -3*i + 4*k = -60. Let z = 98 - i. Suppose -2*g = -48 - z. Calculate the remainder when g is divided by 22.
21
Let u(t) = -2*t**2 + 3*t + 5. What is the remainder when u(0) is divided by 4?
1
Suppose -15 = -q + w, -24 = 4*w - 28. Let p(g) = 2*g**2 + 3*g + 2. What is the remainder when p(-6) is divided by q?
8
Let c = 238 - 226. What is the remainder when 130 is divided by c?
10
Let m(x) = 5*x**3 - 7*x**2 - 2*x - 2. Let z(n) = 5*n**3 - 8*n**2 - 3*n - 2. Let h(v) = 6*m(v) - 5*z(v). Calculate the remainder when h(2) is divided by 10.
6
Suppose 72 = -f - 94. Let i = 178 + f. What is the remainder when 45 is divided by i?
9
Let r be 2*1 + 285 + -8. Suppose -6*q = -r + 93. Let g = 0 + q. What is the remainder when g is divided by 11?
9
Let i(z) = 5*z**2 + 24*z + 47. Calculate the remainder when 103 is divided by i(-2).
8
Suppose 0 = -x + 4*x - 12. Let v be (-56)/(-12) - (-2)/(-3). Suppose v*h - 3*b - 43 = -2*b, 0 = -5*h - b + 47. What is the remainder when h is divided by x?
2
Let i = 13 - 36. Let k = -20 - i. Let u = 16 - k. What is the remainder when 51 is divided by u?
12
Let p = 103 - 101. Calculate the remainder when 13 is divided by 12 + 1 - (-6 + 6)/p.
0
Let b = 27 - 14. Suppose 9*a - 10*a = -b. What is the remainder when a is divided by 8?
5
Suppose -f + 28 = 9. Let y(g) = 3*g**3 - g**2 + g - 1. Let m be y(1). What is the remainder when m/(-4)*-102 + 3 is divided by f?
16
Let d = -43 - 70. Let f = d + 177. Calculate the remainder when f is divided by 23.
18
Suppose -46*f + 33*f = -377. What is the remainder when 115 is divided by f?
28
Let i(p) = -12*p + 88. Let g be i(-21). Suppose 0 = 9*o + 25 - g. What is the remainder when o is divided by 38/3 + 2/(-3)?
11
Let a = -31 + 37. Let c(w) = w**2 + 3*w - 2. What is the remainder when c(-4) is divided by (-1 + 4 - a) + 4?
0
Let o(l) = 121*l + 702. Calculate the remainder when o(15) is divided by 60.
57
Let q(u) = 14*u - 10. Let p be q(-6). Let i = 166 + p. Calculate the remainder when i is divided by 19.
15
Let s(p) = -p - 2. Let w be s(-2). Suppose z - 2*z + 47 = w. Let k = z - 32. Calculate the remainder when 43 is divided by k.
13
Suppose 4*u = -u + 45. Suppose -7*s + 11*s - 136 = 0. Calculate the remainder when s is divided by u.
7
Suppose -d - d = -84. Let m = 14 - -1. What is the remainder when d is divided by m?
12
Let o = 423 + 772. Calculate the remainder when o is divided by 21.
19
Suppose 5*s - 19 = -f, -2*s + 8*f + 13 = 3*f. Calculate the remainder when s is divided by 3.
1
Let x = 144 - -8. Let l = -100 + x. Suppose 57 = 3*t - 5*u, 11 = t - 4*u - 8. Calculate the remainder when l is divided by t.
14
Let g = 288 - 194. Let d(a) = -a**2 + 8*a + 7. What is the remainder when g is divided by d(6)?
18
Let m be (-2)/12 + 177/(-18). Let s = m - -11. What is the remainder when (-1730)/(-40) - s/4 is divided by 11?
10
Let j(f) = -f**2 + 11*f - 3. What is the remainder when 44 is divided by j(2)?
14
Suppose -192 = 3*h + 63. Let r = h - -88. Calculate the remainder when 9 is divided by r.
0
Let z = 21 + -31. Let x be (z/3)/(4/(-6)). Suppose -2*d + x = -1. What is the remainder when 5 is divided by d?
2
Let g be -2 + -1 + (20 - 1). Suppose g - 151 = -5*r. Suppose -7*d + r = -4*d. Calculate the remainder when 26 is divided by d.
8
Let v(h) = -6*h**3 - 53*h**2 - 4*h - 20. What is the remainder when v(-9) is divided by (-231)/(-9) - 2/(-6)?
19
Let i(o) = 7*o + 1. What is the remainder when 384 is divided by i(6)?
40
Suppose -5*k + 0*k + 60 = 0. Let l be 4/(-3)*(-18)/k. Suppose b = -l*c + 12 - 2, 0 = -c - 2. Calculate the remainder when b is divided by 4.
2
Let g = 131 + -101. Calculate the remainder when g is divided by 21.
9
Let b = 96 + -116. Suppose -5*h = -3*o + o + 52, 4*o - 2*h = 88. What is the remainder when (-976)/(-12) + b/(-12) is divided by o?
20
Suppose -84 = 4*c - 3*l, 68 = -2*c - 8*l + 3*l. Let y be (0 - 6)*105/(-30). Let g = y - c. Calculate the remainder when g is divided by 12.
9
Let h = -856 - -590. What is the remainder when 8*(-2)/(-4) - h/2 is divided by 20?
17
Suppose 2*z + 16 = 6*z. Let n = -64 - -70. Calculate the remainder when (-6)/(-3)*42/z is divided by n.
3
Let d be ((-42)/(-9))/((-2)/75). Let b = -101 - d. What is the remainder when b is divided by (-137)/(-9) - 12/54?
14
Let c(l) = 3*l**2 - 5*l - 5. Suppose -8*g + 600 = -4*g. Let v be (-2)/(-7) - g/35. What is the remainder when c(v) is divided by 16?
15
Let t = -7 - -13. Let s = 3 - 2. Let g = 15 + s. Calculate the remainder when g is divided by t.
4
Let d be (0 + -1)*-4 + 0. Let o(x) = 37*x + 3. Let l be o(d). Suppose 416 = 5*f + l. What is the remainder when f is divided by 8?
5
Suppose -2*k = i - 4*i + 24, -3*k = -4*i + 32. Let g = -3262 + 3275. Calculate the remainder when g is divided by i.
5
Suppose -7*v + 31 = -53. Let j = 17 + v. Suppose -5*p + 4*s + 44 = 0, 0 = 2*p + 2*s - 3*s - 17. Calculate the remainder when j is divided by p.
5
Let m = 25 - 29. Let q = -40 + 67. Calculate the remainder when q is divided by (-4)/(-16)*2 + (-38)/m.
7
Suppose 8*q = 791 - 135. Let c = 128 - q. What is the remainder when c is divided by 24?
22
Let i(j) be the first derivative of -j**2/2 + 2*j - 369. Suppose 5*k = -4*m + 12, 3*m + 5*k + 5 = 19. Calculate the remainder 